213
Convert 11023 (base 6) to base 7.
4311
Convert 4143 (base 9) to base 14.
116c
2999 (base 15) to base 5
241134
What is 41630 (base 7) in base 15?
3092
-453 (base 7) to base 3
-22200
-4074 (base 14) to base 13
-5072
Convert 532 (base 12) to base 11.
62a
45496 (base 10) to base 11
31200
What is 1312132 (base 4) in base 2?
1110110011110
1562 (base 10) to base 9
2125
104 (base 14) to base 13
125
Convert -410551 (base 6) to base 4.
-13331203
208 (base 9) to base 7
332
-12001 (base 5) to base 15
-3d6
What is 30001 (base 4) in base 16?
301
12023 (base 4) to base 3
112122
Convert -336a (base 13) to base 4.
-1300102
What is -2451 (base 6) in base 12?
-427
-12011 (base 5) to base 3
-1012122
Convert 151 (base 9) to base 7.
241
Convert -33626 (base 7) to base 2.
-10000101100010
What is -83 (base 12) in base 14?
-71
What is -5525 (base 10) in base 4?
-1112111
Convert -314b (base 13) to base 15.
-204d
-12a8 (base 16) to base 14
-1a52
Convert -53767 (base 8) to base 5.
-1210034
Convert 2215 (base 13) to base 12.
28ba
Convert 6183 (base 12) to base 8.
24563
What is -136 (base 16) in base 4?
-10312
What is -300212 (base 4) in base 8?
-6046
10011120001 (base 3) to base 10
62371
-2249 (base 14) to base 16
-1739
2122 (base 7) to base 13
45a
Convert -111111011000 (base 2) to base 11.
-3058
What is 2544 (base 8) in base 3?
1220010
Convert -11110001101010 (base 2) to base 3.
-210012211
-1775 (base 8) to base 9
-1354
Convert 516 (base 8) to base 13.
1c9
222 (base 8) to base 15
9b
2011101 (base 3) to base 6
11144
-351 (base 8) to base 5
-1413
What is -36690 (base 10) in base 7?
-211653
Convert -416 (base 16) to base 7.
-3023
Convert 825 (base 14) to base 3.
2012022
30aa (base 14) to base 4
2002332
-23a (base 14) to base 4
-12330
What is -400004 (base 6) in base 16?
-7984
-12000121 (base 3) to base 14
-1497
What is 110221 (base 4) in base 8?
2451
Convert 4572 (base 9) to base 2.
110100111010
115435 (base 6) to base 4
2201033
Convert 1512 (base 8) to base 11.
6a6
11011101101 (base 2) to base 4
123231
What is -3b3b (base 13) in base 7?
-33532
-3586 (base 15) to base 7
-45111
Convert 115232 (base 6) to base 12.
5b18
What is -45b (base 15) in base 11?
-817
What is -11c86 (base 13) in base 12?
-17054
What is a245 (base 11) in base 6?
142545
Convert -31663 (base 10) to base 3.
-1121102201
-1021002110 (base 3) to base 5
-1243402
What is 8899 (base 14) in base 7?
125652
Convert 10279 (base 12) to base 6.
241433
What is 507 (base 9) in base 6?
1524
-17670 (base 8) to base 7
-32450
3bb (base 16) to base 8
1673
Convert -91b (base 12) to base 11.
-a9a
-1041 (base 7) to base 6
-1420
Convert 110333 (base 4) to base 10.
1343
257 (base 16) to base 6
2435
Convert 2200 (base 4) to base 2.
10100000
What is 145 (base 7) in base 2?
1010010
Convert 71720 (base 8) to base 12.
151a8
Convert -17a9 (base 11) to base 7.
-6461
What is 179 (base 16) in base 8?
571
What is 272 (base 13) in base 3?
120222
1455 (base 13) to base 2
101101111111
Convert a4b (base 13) to base 16.
6d9
What is 273 (base 14) in base 2?
111101101
301410 (base 5) to base 13
44ab
Convert 213200 (base 4) to base 3.
10110122
-10331 (base 5) to base 7
-2042
Convert 123022 (base 4) to base 8.
3312
What is 281 (base 9) in base 6?
1031
2486 (base 12) to base 16
1026
Convert 10297 (base 11) to base 14.
5669
What is 2116 (base 15) in base 14?
279a
-2200110110 (base 3) to base 4
-30321120
Convert -345 (base 14) to base 3.
-220001
Convert -110000010101 (base 2) to base 8.
-6025
Convert -252010 (base 6) to base 4.
-11133012
What is 14260 (base 7) in base 13?
1a20
What is -417 (base 13) in base 10?
-696
Convert -55628 (base 11) to base 14.
-21544
Convert -10000010101110 (base 2) to base 5.
-231431
Convert 103023 (base 4) to base 15.
56c
2270 (base 16) to base 6
104452
What is 102202100 (base 3) in base 2?
10000101111000
What is 5635 (base 10) in base 4?
1120003
-973 (base 16) to base 2
-100101110011
Convert -1669b (base 13) to base 7.
-236013
What is -786d (base 16) in base 14?
-b341
Convert -650 (base 12) to base 13.
-561
What is -703 (base 9) in base 10?
-570
What is -27602 (base 8) in base 14?
-460a
42424 (base 6) to base 15
1aa1
What is -5121 (base 11) in base 6?
-51251
What is -1011000110111 (base 2) in base 15?
-1a42
What is 10011001111010100 (base 2) in base 9?
130080
713d (base 14) to base 3
222200201
6846 (base 14) to base 8
43256
-368 (base 13) to base 4
-21101
Convert 553 (base 6) to base 4.
3111
What is 6343 (base 12) in base 11?
8175
-1000001000 (base 2) to base 13
-310
-10213221 (base 4) to base 14
-6c77
6164 (base 8) to base 6
22432
Convert -224 (base 7) to base 8.
-164
9ad (base 16) to base 7
10136
Convert -22538 (base 13) to base 7.
-346643
Convert -5405 (base 8) to base 3.
-10212111
-10242 (base 5) to base 6
-3121
-20040 (base 5) to base 11
-a55
What is 1963 (base 11) in base 8?
4671
What is -2433 (base 7) in base 4?
-32022
10101011101 (base 2) to base 15
618
What is 101234 (base 5) in base 7?
12451
-18b3 (base 14) to base 5
-120334
Convert 10354 (base 9) to base 11.
5170
What is 3121 (base 8) in base 12?
b29
-4251 (base 9) to base 14
-11d2
What is -2122 (base 7) in base 12?
-527
Convert 21710 (base 8) to base 3.
110120021
-11434 (base 5) to base 8
-1545
-20406 (base 7) to base 11
-383a
Convert 46201 (base 8) to base 7.
111046
Convert 441144 (base 5) to base 7.
62145
Convert 212330 (base 4) to base 2.
100110111100
What is 69 (base 11) in base 2?
1001011
4211141 (base 5) to base 8
207652
What is -2103200 (base 4) in base 12?
-5568
-2084c (base 14) to base 5
-10002333
Convert -10100100010 (base 2) to base 15.
-5c9
3202 (base 5) to base 15
1d7
Convert -125 (base 8) to base 13.
-67
What is 1416 (base 11) in base 9?
2455
Convert -1424 (base 6) to base 15.
-1a1
What is -242 (base 9) in base 6?
-532
Convert -114 (base 9) to base 8.
-136
What is 23234 (base 6) in base 5?
101314
-429 (base 11) to base 15
-245
What is -221210122 (base 3) in base 14?
-6bd7
What is -11322 (base 8) in base 11?
-3690
11102 (base 6) to base 7
4343
Convert 45440 (base 8) to base 9.
28338
Convert -711 (base 13) to base 6.
-5313
What is 155 (base 11) in base 10?
181
8d (base 16) to base 9
166
What is 107 (base 12) in base 10?
151
226446 (base 7) to base 9
61746
7643 (base 13) to base 16
4040
Convert -27685 (base 9) to base 3.
-221202212
-23186 (base 10) to base 5
-1220221
-1782 (base 9) to base 10
-1370
1101100100001 (base 2) to base 4
1230201
-152 (base 12) to base 4
-3032
-1001101010110001 (base 2) to base 7
-223312
34616 (base 8) to base 4
3212032
Convert -1021210 (base 4) to base 3.
-20110101
33121 (base 4) to base 12
6a1
-c30 (base 16) to base 11
-2387
Convert -83 (base 9) to base 6.
-203
-121002000 (base 3) to base 15
-3713
Convert 464 (base 9) to base 13.
235
-253 (base 14) to base 13
-29a
What is 1b97 (base 16) in base 5?
211223
Convert -86a (base 15) to base 14.
-99a
What is 83a (base 15) in base 4?
130333
1011110100 (base 2) to base 13
462
-3b1 (base 12) to base 7
-1435
What is -2bbb (base 16) in base 3?
-120100122
Convert 3301330 (base 4) to base 3.
210020111
1000110011 (base 2) to base 13
344
-296 (base 11) to base 14
-1ab
What is -101111001 (base 2) in base 7?
-1046
What is -104623 (base 7) in base 10?
-18490
825 (base 15) to base 7
5231
Convert 94a (base 15) to base 6.
13411
What is -1815 (base 9) in base 5?
-21031
-9364 (base 12) to base 10
-16060
What is 201000212 (base 3) in base 2?
11011000110010
Convert 30674 (base 9) to base 10.
20236
What is 2b1 (base 14) in base 7?
1411
What is -11 (base 3) in base 8?
-4
What is -1040212 (base 5) in base 2?
-100011100000110
-473 (base 11) to base 8
-1064
Convert 1bb6 (base 14) to base 11.
3890
Convert 571 (base 16) to base 8.
2561
What is -207 (base 14) in base 5?
-3044
What is -86c6 (base 15) in base 2?
-110111101111000
Convert 4897 (base 10) to base 11.
3752
-11a35 (base 13) to base 10
-32492
350 (base 10) to base 16
15e
What is 10000001000100001 (base 2) in base 14?
1a121
-1127 (base 9) to base 12
-597
Convert 352621 (base 7) to base 12.
30851
Convert -1075 (base 8) to base 13.
-351
What is -1279 (base 10) in base 7?
-3505
What is -12671 (base 11) in base 6?
-215455
Convert 7639 (base 12) to base 5.
404010
Convert -1120202000 (base 3) to base 5.
-1444113
Convert -20 (base 10) to base 11.
